 of 2968287.
3, 7, 107, 1321
List the prime factors of 315474.
2, 3, 52579
What are the prime factors of 541608?
2, 3, 22567
What are the prime factors of 1854008?
2, 13, 17827
List the prime factors of 239243.
239243
List the prime factors of 9800365.
5, 457, 4289
List the prime factors of 255267.
3, 113, 251
What are the prime factors of 7786613?
37, 389, 541
What are the prime factors of 392462?
2, 7, 17, 97
List the prime factors of 104660.
2, 5, 5233
List the prime factors of 383504.
2, 11, 2179
List the prime factors of 905952.
2, 3, 9437
What are the prime factors of 248722?
2, 23, 5407
What are the prime factors of 573332?
2, 143333
What are the prime factors of 1322955?
3, 5, 29399
List the prime factors of 25110303.
3, 673, 12437
What are the prime factors of 698737?
13, 59, 911
List the prime factors of 669280.
2, 5, 47, 89
What are the prime factors of 1242570?
2, 3, 5, 7, 61, 97
List the prime factors of 619024.
2, 7, 5527
List the prime factors of 24102302.
2, 7, 1721593
List the prime factors of 8825175.
3, 5, 61, 643
What are the prime factors of 1730541?
3, 181, 3187
What are the prime factors of 2984609?
2984609
What are the prime factors of 692601?
3, 7, 13, 43, 59
What are the prime factors of 484018?
2, 242009
List the prime factors of 2557355.
5, 59, 8669
What are the prime factors of 5396333?
149, 36217
What are the prime factors of 2117180?
2, 5, 13, 17, 479
What are the prime factors of 639416?
2, 257, 311
List the prime factors of 165065.
5, 33013
What are the prime factors of 3417257?
421, 8117
What are the prime factors of 396321?
3, 17, 19, 409
What are the prime factors of 316223?
316223
List the prime factors of 4776870.
2, 3, 5, 7, 23, 43
What are the prime factors of 16691572?
2, 59, 107, 661
What are the prime factors of 337033?
37, 9109
What are the prime factors of 471669?
3, 11, 14293
What are the prime factors of 2616242?
2, 1308121
What are the prime factors of 107499?
3, 7, 5119
List the prime factors of 665728.
2, 7, 743
List the prime factors of 843698.
2, 41, 10289
List the prime factors of 465000.
2, 3, 5, 31
List the prime factors of 14891765.
5, 7, 139, 3061
What are the prime factors of 503575?
5, 20143
What are the prime factors of 22917843?
3, 13, 65293
What are the prime factors of 346338?
2, 3, 71, 271
List the prime factors of 6484795.
5, 19, 68261
What are the prime factors of 7568388?
2, 3, 210233
What are the prime factors of 1235070?
2, 3, 5, 13723
List the prime factors of 299018.
2, 307, 487
What are the prime factors of 5564889?
3, 11, 41, 457
What are the prime factors of 274210?
2, 5, 17, 1613
List the prime factors of 12106180.
2, 5, 605309
What are the prime factors of 12962600?
2, 5, 7, 47, 197
List the prime factors of 5679498.
2, 3, 11, 7823
What are the prime factors of 2435294?
2, 1217647
What are the prime factors of 2442529?
43, 1321
List the prime factors of 1421457.
3, 199, 2381
List the prime factors of 16086365.
5, 31, 67, 1549
List the prime factors of 214164.
2, 3, 661
What are the prime factors of 309166?
2, 11, 13, 23, 47
What are the prime factors of 463914?
2, 3, 11, 71
What are the prime factors of 2249220?
2, 3, 5, 19, 1973
What are the prime factors of 2726536?
2, 499, 683
What are the prime factors of 548501?
548501
List the prime factors of 13831660.
2, 5, 691583
List the prime factors of 833574.
2, 3, 7, 89, 223
What are the prime factors of 11092679?
13, 853283
What are the prime factors of 3152?
2, 197
List the prime factors of 321977.
23, 13999
What are the prime factors of 20018?
2, 10009
List the prime factors of 152570.
2, 5, 11, 19, 73
What are the prime factors of 4537224?
2, 3, 29, 41, 53
List the prime factors of 1016722.
2, 7, 72623
What are the prime factors of 660847?
11, 60077
What are the prime factors of 173565?
3, 5, 7, 19, 29
List the prime factors of 204770.
2, 5, 20477
List the prime factors of 1225850.
2, 5, 24517
What are the prime factors of 484686?
2, 3, 26927
What are the prime factors of 141633?
3, 15737
List the prime factors of 962552.
2, 120319
List the prime factors of 3637249.
7, 11, 47237
List the prime factors of 713453.
13, 54881
List the prime factors of 673843.
359, 1877
List the prime factors of 2199514.
2, 1099757
List the prime factors of 4080501.
3, 67, 101
List the prime factors of 3261466.
2, 13, 125441
List the prime factors of 446664.
2, 3, 37, 503
List the prime factors of 44207.
44207
List the prime factors of 588426.
2, 3, 101, 971
What are the prime factors of 16132525?
5, 43, 349
What are the prime factors of 4527557?
47, 96331
List the prime factors of 475442.
2, 11, 21611
What are the prime factors of 2735435?
5, 547087
List the prime factors of 344547.
3, 7, 1823
What are the prime factors of 23158?
2, 11579
What are the prime factors of 958116?
2, 3, 79843
What are the prime factors of 6255044?
2, 317, 4933
What are the prime factors of 15805657?
7, 983, 2297
What are the prime factors of 138168?
2, 3, 19, 101
What are the prime factors of 93731?
11, 8521
What are the prime factors of 1994471?
1994471
What are the prime factors of 5132865?
3, 5, 342191
List the prime factors of 2906199.
3, 35879
List the prime factors of 991027.
991027
List the prime factors of 14798513.
1693, 8741
What are the prime factors of 765057?
3, 255019
List the prime factors of 2470458.
2, 3, 411743
List the prime factors of 761166.
2, 3, 7, 863
What are the prime factors of 397936?
2, 7, 11, 17, 19
List the prime factors of 1653425.
5, 66137
What are the prime factors of 233324?
2, 7, 13, 641
List the prime factors of 219625.
5, 7, 251
List the prime factors of 10505.
5, 11, 191
What are the prime factors of 418326?
2, 3, 113, 617
What are the prime factors of 7499459?
11, 61979
What are the prime factors of 15458575?
5, 11, 67, 839
What are the prime factors of 2603527?
919, 2833
What are the prime factors of 142492?
2, 7, 727
List the prime factors of 2533444.
2, 31, 20431
What are the prime factors of 2798494?
2, 31, 45137
List the prime factors of 4463309.
19, 61, 3851
What are the prime factors of 943226?
2, 67, 7039
What are the prime factors of 2089925?
5, 83597
List the prime factors of 795811.
541, 1471
List the prime factors of 663021.
3, 23, 3203
What are the prime factors of 444307?
444307
List the prime factors of 1256997.
3, 7, 17, 503
List the prime factors of 610979.
31, 19709
What are the prime factors of 22532?
2, 43, 131
List the prime factors of 197629.
107, 1847
What are the prime factors of 1999830?
2, 3, 5, 7, 89, 107
What are the prime factors of 11846?
2, 5923
What are the prime factors of 541380?
2, 3, 5, 7, 1289
What are the prime factors of 193393?
193393
List the prime factors of 2126240.
2, 5, 97, 137
What are the prime factors of 112993?
19, 313
What are the prime factors of 1139023?
53, 21491
List the prime factors of 21283054.
2, 13, 818579
What are the prime factors of 167086?
2, 19, 4397
List the prime factors of 84684.
2, 3, 7057
What are the prime factors of 190536?
2, 3, 17, 467
List the prime factors of 5726113.
5726113
List the prime factors of 4053478.
2, 11, 13, 14173
List the prime factors of 10729580.
2, 5, 536479
What are the prime factors of 1120594?
2, 560297
What are the prime factors of 5593265?
5, 1118653
List the prime factors of 1339726.
2, 669863
List the prime factors of 197592.
2, 3, 8233
What are the prime factors of 32226?
2, 3, 41, 131
What are the prime factors of 2757976?
2, 13, 23, 1153
What are the prime factors of 582557?
131, 4447
List the prime factors of 532974.
2, 3, 13, 6833
What are the prime factors of 20041087?
11, 37, 41, 1201
List the prime factors of 2697251.
83, 32497
What are the prime factors of 1374155?
5, 274831
What are the prime factors of 4535544?
2, 3, 13, 14537
List the prime factors of 199477.
43, 4639
What are the prime factors of 30853?
30853
What are the prime factors of 2259276?
2, 3, 188273
List the prime factors of 10927786.
2, 5463893
List the prime factors of 94400.
2, 5, 59
List the prime factors of 351588.
2, 3, 83, 353
What are the prime factors of 2656563?
3, 7, 13, 37, 263
What are the prime factors of 211938?
2, 3, 35323
What are the prime factors of 33384?
2, 3, 13, 107
What are the prime factors of 965426?
2, 7, 11, 6269
What